{"id":23,"date":"2020-10-09T08:23:22","date_gmt":"2020-10-09T06:23:22","guid":{"rendered":"http:\/\/lafermu.cluster026.hosting.ovh.net\/?page_id=23"},"modified":"2020-10-13T14:59:06","modified_gmt":"2020-10-13T12:59:06","slug":"hygiene","status":"publish","type":"page","link":"https:\/\/lafermepacifique.fr\/index.php\/mediation-animale\/hygiene\/","title":{"rendered":"Hygi\u00e8ne"},"content":{"rendered":"\n<h2 class=\"wp-block-heading\">Hygi\u00e8ne et Sant\u00e9<\/h2>\n\n\n\n<p>Les cinq animaux sont d&#8217;une propret\u00e9 irr\u00e9prochable.<br>Les deux chiens sont baign\u00e9s hebdomadairement, trait\u00e9s contre les tiques, les puces et les parasites, et suivi de pr\u00e8s par leur v\u00e9t\u00e9rinaire qui assure \u00e9galement la mise \u00e0 jour des vaccins.<\/p>\n\n\n\n<p>Les cochons d&#8217;inde sont baign\u00e9s hebdomadairement et le lapin bross\u00e9 avant chaque s\u00e9ance.<br>Leur pelage est essuy\u00e9 avec un linge humide avant l&#8217;entr\u00e9e en salle.<\/p>\n\n\n\n<p>Les patients ne peuvent pas participer au programme s&#8217;ils consomment des m\u00e9dicaments qui risquent d&#8217;influer un comportement violent face \u00e0 l&#8217;animal.<\/p>\n\n\n\n<p>Enfin il est tout de m\u00eame demand\u00e9 aux participants de bien se laver les mains avant et apr\u00e8s la s\u00e9ance pour \u00e9viter la transmission des \u00e9ventuels microbes.<\/p>\n\n\n\n<figure class=\"wp-block-gallery columns-3 is-cropped wp-block-gallery-1 is-layout-flex wp-block-gallery-is-layout-flex\"><ul class=\"blocks-gallery-grid\"><li class=\"blocks-gallery-item\"><figure><img loading=\"lazy\" decoding=\"async\" width=\"1000\" height=\"750\" src=\"http:\/\/lafermu.cluster026.hosting.ovh.net\/wp-content\/uploads\/2020\/10\/original-6.jpeg\" alt=\"\" data-id=\"96\" data-full-url=\"http:\/\/lafermu.cluster026.hosting.ovh.net\/wp-content\/uploads\/2020\/10\/original-6.jpeg\" data-link=\"http:\/\/lafermu.cluster026.hosting.ovh.net\/index.php\/hygiene\/original-6\/\" class=\"wp-image-96\" srcset=\"https:\/\/lafermepacifique.fr\/wp-content\/uploads\/2020\/10\/original-6.jpeg 1000w, https:\/\/lafermepacifique.fr\/wp-content\/uploads\/2020\/10\/original-6-300x225.jpeg 300w, https:\/\/lafermepacifique.fr\/wp-content\/uploads\/2020\/10\/original-6-768x576.jpeg 768w, https:\/\/lafermepacifique.fr\/wp-content\/uploads\/2020\/10\/original-6-80x60.jpeg 80w\" sizes=\"auto, (max-width: 1000px) 100vw, 1000px\" \/><\/figure><\/li><li class=\"blocks-gallery-item\"><figure><img loading=\"lazy\" decoding=\"async\" width=\"768\" height=\"1024\" src=\"http:\/\/lafermu.cluster026.hosting.ovh.net\/wp-content\/uploads\/2020\/10\/original-7-768x1024.jpeg\" alt=\"\" data-id=\"97\" data-full-url=\"http:\/\/lafermu.cluster026.hosting.ovh.net\/wp-content\/uploads\/2020\/10\/original-7.jpeg\" data-link=\"http:\/\/lafermu.cluster026.hosting.ovh.net\/index.php\/hygiene\/original-7\/\" class=\"wp-image-97\" srcset=\"https:\/\/lafermepacifique.fr\/wp-content\/uploads\/2020\/10\/original-7-768x1024.jpeg 768w, https:\/\/lafermepacifique.fr\/wp-content\/uploads\/2020\/10\/original-7-225x300.jpeg 225w, https:\/\/lafermepacifique.fr\/wp-content\/uploads\/2020\/10\/original-7-45x60.jpeg 45w, https:\/\/lafermepacifique.fr\/wp-content\/uploads\/2020\/10\/original-7.jpeg 1000w\" sizes=\"auto, (max-width: 768px) 100vw, 768px\" \/><\/figure><\/li><li class=\"blocks-gallery-item\"><figure><img loading=\"lazy\" decoding=\"async\" width=\"1000\" height=\"562\" src=\"http:\/\/lafermu.cluster026.hosting.ovh.net\/wp-content\/uploads\/2020\/10\/original-8.jpeg\" alt=\"\" data-id=\"98\" data-full-url=\"http:\/\/lafermu.cluster026.hosting.ovh.net\/wp-content\/uploads\/2020\/10\/original-8.jpeg\" data-link=\"http:\/\/lafermu.cluster026.hosting.ovh.net\/index.php\/hygiene\/original-8\/\" class=\"wp-image-98\" srcset=\"https:\/\/lafermepacifique.fr\/wp-content\/uploads\/2020\/10\/original-8.jpeg 1000w, https:\/\/lafermepacifique.fr\/wp-content\/uploads\/2020\/10\/original-8-300x169.jpeg 300w, https:\/\/lafermepacifique.fr\/wp-content\/uploads\/2020\/10\/original-8-768x432.jpeg 768w, https:\/\/lafermepacifique.fr\/wp-content\/uploads\/2020\/10\/original-8-107x60.jpeg 107w\" sizes=\"auto, (max-width: 1000px) 100vw, 1000px\" \/><\/figure><\/li><li class=\"blocks-gallery-item\"><figure><img loading=\"lazy\" decoding=\"async\" width=\"1000\" height=\"562\" src=\"http:\/\/lafermu.cluster026.hosting.ovh.net\/wp-content\/uploads\/2020\/10\/original-9-1.jpeg\" alt=\"\" data-id=\"99\" data-full-url=\"http:\/\/lafermu.cluster026.hosting.ovh.net\/wp-content\/uploads\/2020\/10\/original-9-1.jpeg\" data-link=\"http:\/\/lafermu.cluster026.hosting.ovh.net\/index.php\/hygiene\/original-9-2\/\" class=\"wp-image-99\" srcset=\"https:\/\/lafermepacifique.fr\/wp-content\/uploads\/2020\/10\/original-9-1.jpeg 1000w, https:\/\/lafermepacifique.fr\/wp-content\/uploads\/2020\/10\/original-9-1-300x169.jpeg 300w, https:\/\/lafermepacifique.fr\/wp-content\/uploads\/2020\/10\/original-9-1-768x432.jpeg 768w, https:\/\/lafermepacifique.fr\/wp-content\/uploads\/2020\/10\/original-9-1-107x60.jpeg 107w\" sizes=\"auto, (max-width: 1000px) 100vw, 1000px\" \/><\/figure><\/li><\/ul><\/figure>\n\n\n\n<p>La Clinique v\u00e9t\u00e9rinaire L\u00e9onis \u00e0 Saint Laurent d&#8217;Aigouze assure la continuit\u00e9 des soins aux animaux<\/p>\n\n\n\n<figure class=\"wp-block-image size-large\"><img loading=\"lazy\" decoding=\"async\" width=\"1000\" height=\"562\" src=\"http:\/\/lafermu.cluster026.hosting.ovh.net\/wp-content\/uploads\/2020\/10\/original-5.jpeg\" alt=\"La Clinique v\u00e9t\u00e9rinaire du Grand M \u00e0 Montpellier\" class=\"wp-image-100\" srcset=\"https:\/\/lafermepacifique.fr\/wp-content\/uploads\/2020\/10\/original-5.jpeg 1000w, https:\/\/lafermepacifique.fr\/wp-content\/uploads\/2020\/10\/original-5-300x169.jpeg 300w, https:\/\/lafermepacifique.fr\/wp-content\/uploads\/2020\/10\/original-5-768x432.jpeg 768w, https:\/\/lafermepacifique.fr\/wp-content\/uploads\/2020\/10\/original-5-107x60.jpeg 107w\" sizes=\"auto, (max-width: 1000px) 100vw, 1000px\" \/><\/figure>\n\n\n\n<p><strong>ASSURANCE :<\/strong><\/p>\n\n\n\n<p>L&#8217;activit\u00e9 est assur\u00e9 \u00e0 responsabilit\u00e9 civile professionnelle aupr\u00e8s de notre partenaire<strong> GROUPE MEDINAT<\/strong><\/p>\n","protected":false},"excerpt":{"rendered":"<p>Hygi\u00e8ne et Sant\u00e9 Les cinq animaux sont d&#8217;une propret\u00e9 irr\u00e9prochable.Les deux chiens sont baign\u00e9s hebdomadairement, trait\u00e9s contre les tiques, les puces et les parasites, et suivi de pr\u00e8s par leur v\u00e9t\u00e9rinaire qui assure \u00e9galement la mise \u00e0 jour des vaccins. Les cochons d&#8217;inde sont baign\u00e9s hebdomadairement et le lapin bross\u00e9 avant chaque s\u00e9ance.Leur pelage est essuy\u00e9 avec un linge humide &hellip; <\/p>\n","protected":false},"author":1,"featured_media":208,"parent":16,"menu_order":0,"comment_status":"closed","ping_status":"closed","template":"","meta":{"footnotes":""},"class_list":["post-23","page","type-page","status-publish","has-post-thumbnail","hentry"],"_links":{"self":[{"href":"https:\/\/lafermepacifique.fr\/index.php\/wp-json\/wp\/v2\/pages\/23","targetHints":{"allow":["GET"]}}],"collection":[{"href":"https:\/\/lafermepacifique.fr\/index.php\/wp-json\/wp\/v2\/pages"}],"about":[{"href":"https:\/\/lafermepacifique.fr\/index.php\/wp-json\/wp\/v2\/types\/page"}],"author":[{"embeddable":true,"href":"https:\/\/lafermepacifique.fr\/index.php\/wp-json\/wp\/v2\/users\/1"}],"replies":[{"embeddable":true,"href":"https:\/\/lafermepacifique.fr\/index.php\/wp-json\/wp\/v2\/comments?post=23"}],"version-history":[{"count":3,"href":"https:\/\/lafermepacifique.fr\/index.php\/wp-json\/wp\/v2\/pages\/23\/revisions"}],"predecessor-version":[{"id":504,"href":"https:\/\/lafermepacifique.fr\/index.php\/wp-json\/wp\/v2\/pages\/23\/revisions\/504"}],"up":[{"embeddable":true,"href":"https:\/\/lafermepacifique.fr\/index.php\/wp-json\/wp\/v2\/pages\/16"}],"wp:featuredmedia":[{"embeddable":true,"href":"https:\/\/lafermepacifique.fr\/index.php\/wp-json\/wp\/v2\/media\/208"}],"wp:attachment":[{"href":"https:\/\/lafermepacifique.fr\/index.php\/wp-json\/wp\/v2\/media?parent=23"}],"curies":[{"name":"wp","href":"https:\/\/api.w.org\/{rel}","templated":true}]}}

Hygiène

<h2 class="wp-block-heading">Hygiène et Santé</h2>



<p>Les cinq animaux sont d&#8217;une propreté irréprochable.<br>Les deux chiens sont baignés hebdomadairement, traités contre les tiques, les puces et les parasites, et suivi de près par leur vétérinaire qui assure également la mise à jour des vaccins.</p>



<p>Les cochons d&#8217;inde sont baignés hebdomadairement et le lapin brossé avant chaque séance.<br>Leur pelage est essuyé avec un linge humide avant l&#8217;entrée en salle.</p>



<p>Les patients ne peuvent pas participer au programme s&#8217;ils consomment des médicaments qui risquent d&#8217;influer un comportement violent face à l&#8217;animal.</p>



<p>Enfin il est tout de même demandé aux participants de bien se laver les mains avant et après la séance pour éviter la transmission des éventuels microbes.</p>



<figure class="wp-block-gallery columns-3 is-cropped wp-block-gallery-1 is-layout-flex wp-block-gallery-is-layout-flex"><ul class="blocks-gallery-grid"><li class="blocks-gallery-item"><figure><img loading="lazy" decoding="async" width="1000" height="750" src="http://lafermu.cluster026.hosting.ovh.net/wp-content/uploads/2020/10/original-6.jpeg" alt="" data-id="96" data-full-url="http://lafermu.cluster026.hosting.ovh.net/wp-content/uploads/2020/10/original-6.jpeg" data-link="http://lafermu.cluster026.hosting.ovh.net/index.php/hygiene/original-6/" class="wp-image-96" srcset="https://lafermepacifique.fr/wp-content/uploads/2020/10/original-6.jpeg 1000w, https://lafermepacifique.fr/wp-content/uploads/2020/10/original-6-300x225.jpeg 300w, https://lafermepacifique.fr/wp-content/uploads/2020/10/original-6-768x576.jpeg 768w, https://lafermepacifique.fr/wp-content/uploads/2020/10/original-6-80x60.jpeg 80w" sizes="auto, (max-width: 1000px) 100vw, 1000px" /></figure></li><li class="blocks-gallery-item"><figure><img loading="lazy" decoding="async" width="768" height="1024" src="http://lafermu.cluster026.hosting.ovh.net/wp-content/uploads/2020/10/original-7-768x1024.jpeg" alt="" data-id="97" data-full-url="http://lafermu.cluster026.hosting.ovh.net/wp-content/uploads/2020/10/original-7.jpeg" data-link="http://lafermu.cluster026.hosting.ovh.net/index.php/hygiene/original-7/" class="wp-image-97" srcset="https://lafermepacifique.fr/wp-content/uploads/2020/10/original-7-768x1024.jpeg 768w, https://lafermepacifique.fr/wp-content/uploads/2020/10/original-7-225x300.jpeg 225w, https://lafermepacifique.fr/wp-content/uploads/2020/10/original-7-45x60.jpeg 45w, https://lafermepacifique.fr/wp-content/uploads/2020/10/original-7.jpeg 1000w" sizes="auto, (max-width: 768px) 100vw, 768px" /></figure></li><li class="blocks-gallery-item"><figure><img loading="lazy" decoding="async" width="1000" height="562" src="http://lafermu.cluster026.hosting.ovh.net/wp-content/uploads/2020/10/original-8.jpeg" alt="" data-id="98" data-full-url="http://lafermu.cluster026.hosting.ovh.net/wp-content/uploads/2020/10/original-8.jpeg" data-link="http://lafermu.cluster026.hosting.ovh.net/index.php/hygiene/original-8/" class="wp-image-98" srcset="https://lafermepacifique.fr/wp-content/uploads/2020/10/original-8.jpeg 1000w, https://lafermepacifique.fr/wp-content/uploads/2020/10/original-8-300x169.jpeg 300w, https://lafermepacifique.fr/wp-content/uploads/2020/10/original-8-768x432.jpeg 768w, https://lafermepacifique.fr/wp-content/uploads/2020/10/original-8-107x60.jpeg 107w" sizes="auto, (max-width: 1000px) 100vw, 1000px" /></figure></li><li class="blocks-gallery-item"><figure><img loading="lazy" decoding="async" width="1000" height="562" src="http://lafermu.cluster026.hosting.ovh.net/wp-content/uploads/2020/10/original-9-1.jpeg" alt="" data-id="99" data-full-url="http://lafermu.cluster026.hosting.ovh.net/wp-content/uploads/2020/10/original-9-1.jpeg" data-link="http://lafermu.cluster026.hosting.ovh.net/index.php/hygiene/original-9-2/" class="wp-image-99" srcset="https://lafermepacifique.fr/wp-content/uploads/2020/10/original-9-1.jpeg 1000w, https://lafermepacifique.fr/wp-content/uploads/2020/10/original-9-1-300x169.jpeg 300w, https://lafermepacifique.fr/wp-content/uploads/2020/10/original-9-1-768x432.jpeg 768w, https://lafermepacifique.fr/wp-content/uploads/2020/10/original-9-1-107x60.jpeg 107w" sizes="auto, (max-width: 1000px) 100vw, 1000px" /></figure></li></ul></figure>



<p>La Clinique vétérinaire Léonis à Saint Laurent d&#8217;Aigouze assure la continuité des soins aux animaux</p>



<figure class="wp-block-image size-large"><img loading="lazy" decoding="async" width="1000" height="562" src="http://lafermu.cluster026.hosting.ovh.net/wp-content/uploads/2020/10/original-5.jpeg" alt="La Clinique vétérinaire du Grand M à Montpellier" class="wp-image-100" srcset="https://lafermepacifique.fr/wp-content/uploads/2020/10/original-5.jpeg 1000w, https://lafermepacifique.fr/wp-content/uploads/2020/10/original-5-300x169.jpeg 300w, https://lafermepacifique.fr/wp-content/uploads/2020/10/original-5-768x432.jpeg 768w, https://lafermepacifique.fr/wp-content/uploads/2020/10/original-5-107x60.jpeg 107w" sizes="auto, (max-width: 1000px) 100vw, 1000px" /></figure>



<p><strong>ASSURANCE :</strong></p>



<p>L&#8217;activité est assuré à responsabilité civile professionnelle auprès de notre partenaire<strong> GROUPE MEDINAT</strong></p>

<p>Hygiène et Santé Les cinq animaux sont d&#8217;une propreté irréprochable.Les deux chiens sont baignés hebdomadairement, traités contre les tiques, les puces et les parasites, et suivi de près par leur vétérinaire qui assure également la mise à jour des vaccins. Les cochons d&#8217;inde sont baignés hebdomadairement et le lapin brossé avant chaque séance.Leur pelage est essuyé avec un linge humide &hellip; </p>
