{"id":21,"date":"2020-10-09T08:22:43","date_gmt":"2020-10-09T06:22:43","guid":{"rendered":"http:\/\/lafermu.cluster026.hosting.ovh.net\/?page_id=21"},"modified":"2020-10-12T15:28:58","modified_gmt":"2020-10-12T13:28:58","slug":"montessori","status":"publish","type":"page","link":"https:\/\/lafermepacifique.fr\/index.php\/mediation-animale\/montessori\/","title":{"rendered":"Montessori"},"content":{"rendered":"\n<h2 class=\"wp-block-heading\">Montessori<\/h2>\n\n\n\n<p>Nous nous sommes inspir\u00e9s de la m\u00e9thode Montessori adapt\u00e9e aux personnes \u00e2g\u00e9es<\/p>\n\n\n\n<p>Quelque soit la s\u00e9v\u00e9rit\u00e9 des troubles, toute personne pr\u00e9sente des capacit\u00e9s pr\u00e9serv\u00e9es.<\/p>\n\n\n\n<p>C&#8217;est le taux d&#8217;implication dans les activit\u00e9s qui a des effets positifs sur la personne \u00e2g\u00e9e pr\u00e9sentant des troubles cognitifs.<\/p>\n\n\n\n<p>Ce n&#8217;est pas la capacit\u00e9 \u00e0 r\u00e9aliser une activit\u00e9 &#8220;normalement&#8221; ou &#8220;correctement&#8221;.<\/p>\n\n\n\n<p>Il faut \u00e0 partir de la personne :<\/p>\n\n\n\n<ul class=\"wp-block-list\"><li>Rep\u00e9rer et utiliser ses capacit\u00e9s pr\u00e9serv\u00e9es.<\/li><li>Adapter le mat\u00e9riel et les exercices.<\/li><li>Etre le facilitateur et non l&#8217;acteur.<\/li><\/ul>\n\n\n\n<p>Il faut \u00e9galement :<\/p>\n\n\n\n<ul class=\"wp-block-list\"><li>Travailler dans un milieu calme pour favoriser l&#8217;engagement.<\/li><li>Parler moins et montrer plus.<\/li><li>Se centrer sur la personne.<\/li><li>Maximiser les chances de r\u00e9ussite et r\u00e9duire au maximum les risques d&#8217;\u00e9checs.<\/li><li>Observer la personne durant l&#8217;activit\u00e9 et ajuster le niveau de difficult\u00e9 pour qu&#8217;il ne soit ni trop simple ni trop difficile.<\/li><\/ul>\n\n\n\n<p>Apportez une touche de gaiet\u00e9. Si nous nous ennuyons pendant l&#8217;activit\u00e9, eux aussi !<\/p>\n","protected":false},"excerpt":{"rendered":"<p>Montessori Nous nous sommes inspir\u00e9s de la m\u00e9thode Montessori adapt\u00e9e aux personnes \u00e2g\u00e9es Quelque soit la s\u00e9v\u00e9rit\u00e9 des troubles, toute personne pr\u00e9sente des capacit\u00e9s pr\u00e9serv\u00e9es. C&#8217;est le taux d&#8217;implication dans les activit\u00e9s qui a des effets positifs sur la personne \u00e2g\u00e9e pr\u00e9sentant des troubles cognitifs. Ce n&#8217;est pas la capacit\u00e9 \u00e0 r\u00e9aliser une activit\u00e9 &#8220;normalement&#8221; ou &#8220;correctement&#8221;. Il faut \u00e0 &hellip; <\/p>\n","protected":false},"author":1,"featured_media":344,"parent":16,"menu_order":0,"comment_status":"closed","ping_status":"closed","template":"","meta":{"footnotes":""},"class_list":["post-21","page","type-page","status-publish","has-post-thumbnail","hentry"],"_links":{"self":[{"href":"https:\/\/lafermepacifique.fr\/index.php\/wp-json\/wp\/v2\/pages\/21","targetHints":{"allow":["GET"]}}],"collection":[{"href":"https:\/\/lafermepacifique.fr\/index.php\/wp-json\/wp\/v2\/pages"}],"about":[{"href":"https:\/\/lafermepacifique.fr\/index.php\/wp-json\/wp\/v2\/types\/page"}],"author":[{"embeddable":true,"href":"https:\/\/lafermepacifique.fr\/index.php\/wp-json\/wp\/v2\/users\/1"}],"replies":[{"embeddable":true,"href":"https:\/\/lafermepacifique.fr\/index.php\/wp-json\/wp\/v2\/comments?post=21"}],"version-history":[{"count":2,"href":"https:\/\/lafermepacifique.fr\/index.php\/wp-json\/wp\/v2\/pages\/21\/revisions"}],"predecessor-version":[{"id":93,"href":"https:\/\/lafermepacifique.fr\/index.php\/wp-json\/wp\/v2\/pages\/21\/revisions\/93"}],"up":[{"embeddable":true,"href":"https:\/\/lafermepacifique.fr\/index.php\/wp-json\/wp\/v2\/pages\/16"}],"wp:featuredmedia":[{"embeddable":true,"href":"https:\/\/lafermepacifique.fr\/index.php\/wp-json\/wp\/v2\/media\/344"}],"wp:attachment":[{"href":"https:\/\/lafermepacifique.fr\/index.php\/wp-json\/wp\/v2\/media?parent=21"}],"curies":[{"name":"wp","href":"https:\/\/api.w.org\/{rel}","templated":true}]}}